{"id":1557,"date":"2025-11-18T08:01:57","date_gmt":"2025-11-18T07:01:57","guid":{"rendered":"https:\/\/apexvape.de\/?page_id=1557"},"modified":"2025-11-18T08:09:20","modified_gmt":"2025-11-18T07:09:20","slug":"rueckgaberichtlinie","status":"publish","type":"page","link":"https:\/\/apexvape.de\/hu\/rueckgaberichtlinie\/","title":{"rendered":"Visszat\u00e9r\u00edt\u00e9si politika"},"content":{"rendered":"<h1 class=\"wp-block-heading\">Ir\u00e1nyelvek a visszak\u00fcld\u00f6tt \u00e1rukhoz - apexvape<\/h1>\n\n\n\n<h2 class=\"wp-block-heading\">3 napos visszak\u00fcld\u00e9si hat\u00e1rid\u0151<\/h2>\n\n\n\n<p>Az apexvape-n\u00e9l lehet\u0151s\u00e9get biztos\u00edtunk \u00d6nnek arra, hogy h\u00e1rom napon bel\u00fcl visszak\u00fcldje a term\u00e9keket. Ez az id\u0151szak a megrendel\u00e9s k\u00e9zhezv\u00e9tel\u00e9nek napj\u00e1n kezd\u0151dik. Ha nem el\u00e9gedett a megv\u00e1s\u00e1rolt term\u00e9kkel, akkor ezen id\u0151szakon bel\u00fcl visszak\u00fcld\u00e9si k\u00e9relmet ny\u00fajthat be.<\/p>\n\n\n\n<h2 class=\"wp-block-heading\">A sikeres visszat\u00e9r\u00e9s k\u00f6vetelm\u00e9nyei<\/h2>\n\n\n\n<p>Ahhoz, hogy elfogadjuk a visszak\u00fcld\u00e9st, bizonyos felt\u00e9teleknek teljes\u00fclni\u00fck kell. A visszak\u00fcldend\u0151 term\u00e9knek eredeti \u00e1llapot\u00e1ban kell lennie - azaz haszn\u00e1latlanul, minden c\u00edmk\u00e9vel ell\u00e1tva \u00e9s eredeti csomagol\u00e1s\u00e1ban. Ezen k\u00edv\u00fcl sz\u00fcks\u00e9ged lesz egy \u00e9rv\u00e9nyes v\u00e1s\u00e1rl\u00e1st igazol\u00f3 bizonylatra, p\u00e9ld\u00e1ul nyugt\u00e1ra vagy rendel\u00e9si visszaigazol\u00e1sra, hogy a visszak\u00fcld\u00e9si folyamat z\u00f6kken\u0151mentesen menjen v\u00e9gbe.<\/p>\n\n\n\n<h2 class=\"wp-block-heading\">A visszak\u00fcld\u00e9si elj\u00e1r\u00e1s megind\u00edt\u00e1sa<\/h2>\n\n\n\n<p>Ha vissza szeretn\u00e9 k\u00fcldeni a term\u00e9ket, k\u00e9rj\u00fck, l\u00e9pjen kapcsolatba vel\u00fcnk a canliumit3535@gmail.com e-mail c\u00edmen. Amint k\u00e9r\u00e9s\u00e9t ellen\u0151rizt\u00fck \u00e9s j\u00f3v\u00e1hagytuk, k\u00fcld\u00fcnk \u00d6nnek egy el\u0151re fizetett sz\u00e1ll\u00edt\u00e1si c\u00edmk\u00e9t \u00e9s r\u00e9szletes utas\u00edt\u00e1sokat a csomag elk\u00fcld\u00e9s\u00e9re vonatkoz\u00f3an. Fontos megjegyezni: El\u0151zetes enged\u00e9ly n\u00e9lk\u00fcli, el\u0151re be nem jelentett visszak\u00fcld\u00e9seket nem tudunk feldolgozni. Ez\u00e9rt k\u00e9rj\u00fck, el\u0151bb vegye fel vel\u00fcnk a kapcsolatot.<\/p>\n\n\n\n<h2 class=\"wp-block-heading\">Reklam\u00e1ci\u00f3 hiba vagy k\u00e1r eset\u00e9n<\/h2>\n\n\n\n<p>K\u00e9rj\u00fck, hogy amint megkapja a megrendel\u00e9st, gondosan ellen\u0151rizze azt. Ha \u00fagy tal\u00e1lja, hogy egy term\u00e9k s\u00e9r\u00fclt, hib\u00e1s vagy nem megfelel\u0151en sz\u00e1ll\u00edtott\u00e1k ki, k\u00e9rj\u00fck, azonnal l\u00e9pjen kapcsolatba vel\u00fcnk, hogy a lehet\u0151 leggyorsabban feldolgozhassuk k\u00e9r\u00e9s\u00e9t.<\/p>\n\n\n\n<h2 class=\"wp-block-heading\">A visszak\u00fcld\u00e9sb\u0151l kiz\u00e1rt term\u00e9kek<\/h2>\n\n\n\n<p>Nem minden term\u00e9k k\u00fcldhet\u0151 vissza. A k\u00f6vetkez\u0151 term\u00e9kkateg\u00f3ri\u00e1k nem tartoznak a visszak\u00fcld\u00e9si jogunk al\u00e1:<\/p>\n\n\n\n<ul class=\"wp-block-list\">\n<li>Romland\u00f3 \u00e1ruk<\/li>\n\n\n\n<li>Szem\u00e9lyre szabott vagy szem\u00e9lyre szabott term\u00e9kek<\/li>\n\n\n\n<li>Higi\u00e9niai \u00e9s test\u00e1pol\u00e1si term\u00e9kek<\/li>\n\n\n\n<li>Vesz\u00e9lyes \u00e1ruk<\/li>\n\n\n\n<li>Gy\u00fal\u00e9kony folyad\u00e9kok vagy g\u00e1zok<\/li>\n<\/ul>\n\n\n\n<p>Ha bizonytalan egy adott term\u00e9k visszak\u00fcld\u00e9s\u00e9nek enged\u00e9lyez\u00e9s\u00e9vel kapcsolatban, sz\u00edvesen vessz\u00fck, ha felvil\u00e1gos\u00edt\u00e1s\u00e9rt kapcsolatba l\u00e9p vel\u00fcnk.<\/p>\n\n\n\n<h2 class=\"wp-block-heading\">Cikkek cser\u00e9je<\/h2>\n\n\n\n<p>A cser\u00e9hez a k\u00f6vetkez\u0151 elj\u00e1r\u00e1st javasoljuk: El\u0151sz\u00f6r k\u00fcldje vissza az eredeti term\u00e9ket. Miut\u00e1n a visszak\u00fcld\u00e9st enged\u00e9lyezt\u00e9k, \u00faj megrendel\u00e9st adhat le a k\u00edv\u00e1nt cserealkatr\u00e9szre. Ez biztos\u00edtja a gyors feldolgoz\u00e1st.<\/p>\n\n\n\n<h2 class=\"wp-block-heading\">Visszat\u00e9r\u00edt\u00e9s feldolgoz\u00e1sa<\/h2>\n\n\n\n<p>Amint megkaptuk \u00e9s ellen\u0151rizt\u00fck a visszat\u00e9r\u00edt\u00e9st, t\u00e1j\u00e9koztatjuk \u00d6nt a visszat\u00e9r\u00edt\u00e9s j\u00f3v\u00e1hagy\u00e1s\u00e1r\u00f3l vagy elutas\u00edt\u00e1s\u00e1r\u00f3l. Ha j\u00f3v\u00e1hagyjuk, a visszat\u00e9r\u00edt\u00e9st t\u00edz munkanapon bel\u00fcl az \u00d6n eredeti fizet\u00e9si m\u00f3dj\u00e1ra utaljuk. K\u00e9rj\u00fck, vegye figyelembe, hogy a p\u00e9nzint\u00e9zet\u00e9nek vagy hitelk\u00e1rtya-t\u00e1rsas\u00e1g\u00e1nak tov\u00e1bbi id\u0151re lehet sz\u00fcks\u00e9ge ahhoz, hogy j\u00f3v\u00e1\u00edrja a sz\u00e1ml\u00e1j\u00e1n. Ha az enged\u00e9lyez\u00e9st\u0151l sz\u00e1m\u00edtott tizen\u00f6t munkanap eltelt\u00e9vel sem kapja meg a visszat\u00e9r\u00edt\u00e9st, k\u00e9rj\u00fck, l\u00e9pjen kapcsolatba vel\u00fcnk a canliumit3535@gmail.com e-mail c\u00edmen.<\/p>\n\n\n\n<hr class=\"wp-block-separator has-alpha-channel-opacity\"\/>\n\n\n\n<p>Nagyra \u00e9rt\u00e9kelj\u00fck az apexvape-be vetett bizalm\u00e1t. Az \u00d6n el\u00e9gedetts\u00e9ge a legfontosabb sz\u00e1munkra.<\/p>\n\n\n\n<p><\/p>","protected":false},"excerpt":{"rendered":"<p>Visszat\u00e9r\u00edt\u00e9si politika - apexvape 3 napos visszat\u00e9r\u00edt\u00e9si id\u0151szak Az apexvape-n\u00e9l lehet\u0151s\u00e9get biztos\u00edtunk \u00d6nnek arra, hogy a term\u00e9keket a k\u00e9zhezv\u00e9telt\u0151l sz\u00e1m\u00edtott h\u00e1rom napon bel\u00fcl visszak\u00fcldje.<\/p>","protected":false},"author":1,"featured_media":0,"parent":0,"menu_order":0,"comment_status":"closed","ping_status":"closed","template":"","meta":{"footnotes":""},"class_list":["post-1557","page","type-page","status-publish","hentry"],"_links":{"self":[{"href":"https:\/\/apexvape.de\/hu\/wp-json\/wp\/v2\/pages\/1557","targetHints":{"allow":["GET"]}}],"collection":[{"href":"https:\/\/apexvape.de\/hu\/wp-json\/wp\/v2\/pages"}],"about":[{"href":"https:\/\/apexvape.de\/hu\/wp-json\/wp\/v2\/types\/page"}],"author":[{"embeddable":true,"href":"https:\/\/apexvape.de\/hu\/wp-json\/wp\/v2\/users\/1"}],"replies":[{"embeddable":true,"href":"https:\/\/apexvape.de\/hu\/wp-json\/wp\/v2\/comments?post=1557"}],"version-history":[{"count":0,"href":"https:\/\/apexvape.de\/hu\/wp-json\/wp\/v2\/pages\/1557\/revisions"}],"wp:attachment":[{"href":"https:\/\/apexvape.de\/hu\/wp-json\/wp\/v2\/media?parent=1557"}],"curies":[{"name":"wp","href":"https:\/\/api.w.org\/{rel}","templated":true}]}}

Visszatérítési politika

<h1 class="wp-block-heading">Irányelvek a visszaküldött árukhoz - apexvape</h1>



<h2 class="wp-block-heading">3 napos visszaküldési határidő</h2>



<p>Az apexvape-nél lehetőséget biztosítunk Önnek arra, hogy három napon belül visszaküldje a termékeket. Ez az időszak a megrendelés kézhezvételének napján kezdődik. Ha nem elégedett a megvásárolt termékkel, akkor ezen időszakon belül visszaküldési kérelmet nyújthat be.</p>



<h2 class="wp-block-heading">A sikeres visszatérés követelményei</h2>



<p>Ahhoz, hogy elfogadjuk a visszaküldést, bizonyos feltételeknek teljesülniük kell. A visszaküldendő terméknek eredeti állapotában kell lennie - azaz használatlanul, minden címkével ellátva és eredeti csomagolásában. Ezen kívül szükséged lesz egy érvényes vásárlást igazoló bizonylatra, például nyugtára vagy rendelési visszaigazolásra, hogy a visszaküldési folyamat zökkenőmentesen menjen végbe.</p>



<h2 class="wp-block-heading">A visszaküldési eljárás megindítása</h2>



<p>Ha vissza szeretné küldeni a terméket, kérjük, lépjen kapcsolatba velünk a canliumit3535@gmail.com e-mail címen. Amint kérését ellenőriztük és jóváhagytuk, küldünk Önnek egy előre fizetett szállítási címkét és részletes utasításokat a csomag elküldésére vonatkozóan. Fontos megjegyezni: Előzetes engedély nélküli, előre be nem jelentett visszaküldéseket nem tudunk feldolgozni. Ezért kérjük, előbb vegye fel velünk a kapcsolatot.</p>



<h2 class="wp-block-heading">Reklamáció hiba vagy kár esetén</h2>



<p>Kérjük, hogy amint megkapja a megrendelést, gondosan ellenőrizze azt. Ha úgy találja, hogy egy termék sérült, hibás vagy nem megfelelően szállították ki, kérjük, azonnal lépjen kapcsolatba velünk, hogy a lehető leggyorsabban feldolgozhassuk kérését.</p>



<h2 class="wp-block-heading">A visszaküldésből kizárt termékek</h2>



<p>Nem minden termék küldhető vissza. A következő termékkategóriák nem tartoznak a visszaküldési jogunk alá:</p>



<ul class="wp-block-list">
<li>Romlandó áruk</li>



<li>Személyre szabott vagy személyre szabott termékek</li>



<li>Higiéniai és testápolási termékek</li>



<li>Veszélyes áruk</li>



<li>Gyúlékony folyadékok vagy gázok</li>
</ul>



<p>Ha bizonytalan egy adott termék visszaküldésének engedélyezésével kapcsolatban, szívesen vesszük, ha felvilágosításért kapcsolatba lép velünk.</p>



<h2 class="wp-block-heading">Cikkek cseréje</h2>



<p>A cseréhez a következő eljárást javasoljuk: Először küldje vissza az eredeti terméket. Miután a visszaküldést engedélyezték, új megrendelést adhat le a kívánt cserealkatrészre. Ez biztosítja a gyors feldolgozást.</p>



<h2 class="wp-block-heading">Visszatérítés feldolgozása</h2>



<p>Amint megkaptuk és ellenőriztük a visszatérítést, tájékoztatjuk Önt a visszatérítés jóváhagyásáról vagy elutasításáról. Ha jóváhagyjuk, a visszatérítést tíz munkanapon belül az Ön eredeti fizetési módjára utaljuk. Kérjük, vegye figyelembe, hogy a pénzintézetének vagy hitelkártya-társaságának további időre lehet szüksége ahhoz, hogy jóváírja a számláján. Ha az engedélyezéstől számított tizenöt munkanap elteltével sem kapja meg a visszatérítést, kérjük, lépjen kapcsolatba velünk a canliumit3535@gmail.com e-mail címen.</p>



<hr class="wp-block-separator has-alpha-channel-opacity"/>



<p>Nagyra értékeljük az apexvape-be vetett bizalmát. Az Ön elégedettsége a legfontosabb számunkra.</p>



<p></p>

<p>Visszatérítési politika - apexvape 3 napos visszatérítési időszak Az apexvape-nél lehetőséget biztosítunk Önnek arra, hogy a termékeket a kézhezvételtől számított három napon belül visszaküldje.</p>
